k - 94 = 0. What is the greatest common factor of j and b?
17
Suppose 10*s - 74 - 76 = 0. Calculate the greatest common divisor of 150 and s.
15
Suppose 420 = 3*x - 2*w, 2*w - 3*w = -4*x + 560. Calculate the greatest common divisor of x and 20.
20
Suppose -3*i - 2*i + 155 = 0. Let c = 56 - i. Calculate the greatest common divisor of 225 and c.
25
Let j = 53 + -8. Let i = 50 - 41. What is the highest common divisor of j and i?
9
Suppose -4*l = 5*o - 83, -4*o - 29 = -3*l + 72. What is the highest common divisor of 9 and l?
9
Let i = 5 - -103. Let f(o) = o**3 - 3*o**2 + o - 1. Let u be f(4). Suppose 5*a - u = 41. Calculate the greatest common divisor of a and i.
12
Let k(m) = 27*m**3 - m**2 - 2*m + 1. Let l be k(2). Calculate the highest common factor of 19 and l.
19
Suppose 0 = 9*y - 11*y + 58. What is the greatest common divisor of 58 and y?
29
Let y(p) = -p + 6. Let z be y(8). Let l = 6 + z. What is the highest common divisor of 8 and l?
4
Let y(u) = 0 + 1 - u + 2*u. Let i(a) = 3*a - 14. Let h be i(7). Let g be y(h). Calculate the greatest common divisor of 32 and g.
8
Let d be (-2)/(1 - 5)*8. Let i(o) = 6*o - 1. Let a be i(1). Suppose -a*l - d*u + 99 = 0, 4*l - 2*u = 2*l + 36. What is the highest common factor of 171 and l?
19
Let q be 34/4*(-16)/(-8). Suppose 0*b + 6*b = 204. Calculate the highest common divisor of b and q.
17
Let h be -1 + 14 - (-1 - 2). Let r = h - 7. What is the highest common factor of r and 18?
9
Let j be (3*-1)/((-6)/32). Suppose -5*z + z + j = 4*q, 3*z = 3*q - 36. What is the greatest common divisor of 64 and q?
8
Let q = -86 - -136. Calculate the greatest common divisor of q and 250.
50
Suppose 2*o = -3*o + 630. What is the greatest common factor of 14 and o?
14
Suppose 3*x + 3*p = 342, -448 = -4*x - 3*p + p. Calculate the highest common divisor of x and 33.
11
Let g be -4 + 1/((12/(-3))/(-28)). Let b(c) = c**2 + 3*c - 1. Let j be b(-5). What is the highest common factor of g and j?
3
Let k(a) = 2*a**2 - a - 2. Suppose -3 = 4*l + 4*y + 21, l = 3*y + 10. Let z be k(l). Calculate the highest common factor of z and 24.
8
Let h be (5 - (0 + 0)) + (-8 - -6). Calculate the highest common factor of h and 21.
3
Let f be (-140)/(-3) + 10/(-15). Suppose -4*g = -42 - f. Calculate the highest common factor of 55 and g.
11
Let f(b) = b**3 + 5*b**2 - 8*b - 13. Let c be f(-5). What is the highest common factor of c and 27?
27
Let q = 187 - 55. Suppose q = 4*m - 1028. What is the highest common divisor of 29 and m?
29
Suppose 90*d - 91*d = -88. What is the highest common factor of d and 22?
22
Suppose -2*c = q - 34, 0 = 3*q - 5*q + 4*c + 28. Let u(t) = -t**2 + 12*t + 4. Let y be u(8). Calculate the greatest common factor of y and q.
12
Suppose 3*t + 8 = -2*n - 2*t, -26 = -n + 5*t. Let b(o) = o. Let z be b(-2). Let y = z + 5. What is the highest common factor of y and n?
3
Let z = -40 + 45. Let t(x) = x + 5. Let y be t(0). What is the greatest common factor of z and y?
5
Let g(h) = -2*h - 1. Let i be g(-4). Suppose i*s + 63 = 8*s. What is the highest common factor of 9 and s?
9
Suppose 5 + 1 = -2*p. Let f(x) = -x**3 + 3*x - 3. Let h be f(p). Calculate the greatest common divisor of 105 and h.
15
Let n be (-3 - (-3 - -2))*-2. Suppose 5*w + 5 = 2*s + 4*w, n*s - 5*w - 1 = 0. Calculate the greatest common factor of s and 28.
4
Suppose 5*u - 160 = 3*s, u + 2*s = 47 - 15. Suppose 20 = 4*l + l. Suppose -l*b + 14 + 18 = 0. Calculate the greatest common divisor of u and b.
8
Suppose 5*q - 13 = -3*i, q + 4*i + 5 = -6. Suppose l - 3*l = 0. Suppose -4*c + 5*c - q = l. Calculate the greatest common divisor of c and 55.
5
Let x = 19 + -1. What is the greatest common divisor of 18 and x?
18
Let l = -1 + 4. Suppose -o = -0*o - l*k - 30, 0 = -o + 5*k + 34. What is the highest common factor of 16 and o?
8
Suppose 5*v = 3*i - 81 - 4, -v + 123 = 5*i. Calculate the highest common factor of 75 and i.
25
Suppose -2*i - 396 = -3*x, -2*i - 296 = 5*x - 940. Calculate the highest common divisor of 26 and x.
26
Suppose -34 - 86 = -6*o. Let a(d) = -15*d. Let i be a(-4). Calculate the greatest common factor of i and o.
20
Suppose -4*z - g - 6 = -29, 3*g = z - 22. What is the highest common factor of 63 and z?
7
Let h(c) = -c**2 - 7*c + 3. Let l be h(-6). Let i = 6 - l. Let w(o) = o**2 + 3*o + 4. Let b be w(i). What is the greatest common factor of b and 44?
4
Let n = 0 - 0. Suppose 2*k - 6 + n = p, -p - 3 = -k. Calculate the highest common divisor of 1 and k.
1
Let u be (-52)/(-14) - 8/(-28). Suppose u*i - 22 = -2*d, 3 = -4*i + 2*d + d. Suppose -i*r + 36 = -2*r. Calculate the greatest common factor of 12 and r.
12
Suppose -69 = n - 139. Let u(h) = h + 3. Let i be u(4). What is the highest common factor of n and i?
7
Let t(h) = -155*h + 1. Let f be t(-1). Let i = -256 - -148. Let p = f + i. Calculate the greatest common divisor of 6 and p.
6
Let c be 144/(-6)*3/(-3). Calculate the highest common divisor of c and 16.
8
Suppose -i + 3*i + 18 = 0. Let u be ((-3)/i - 2)*-9. Suppose 0 = 4*p - 4*t - 420, 0*t + 420 = 4*p + 5*t. What is the highest common divisor of p and u?
15
Suppose -5*s + 4*p = -3*s + 52, -s - 5*p = 33. Let a = 91 + s. Let t(w) = w**2 + 3*w - 3. Let q be t(-5). What is the greatest common divisor of a and q?
7
Let s(j) = 2*j + 4. Let f be s(10). Calculate the greatest common factor of f and 96.
24
Suppose 2*a - 3*z = 13 + 10, -3*a - z = -7. Let i be 0/(-1 + -2) - -8. What is the highest common divisor of a and i?
4
Let f be 4*(1 + 2/(-8)). Suppose f*t = -0*t + 39. Suppose 43 + 61 = j. Calculate the highest common factor of t and j.
13
Let v be (66/(-15) + 4)/(2/(-160)). Calculate the highest common divisor of v and 24.
8
Let z be (8/3)/((-2)/(-3)). Suppose -18 = -n - 4*j, -4*n + z + 17 = -j. Let r = n - -16. Calculate the greatest common divisor of 2 and r.
2
Suppose 0 = -2*s + 2*b + 40, 3*b - 31 = -3*s + 29. What is the highest common divisor of 140 and s?
20
Let k be 4*(-1 + 2 + 15). Let b be (-4)/10 - k/(-10). Suppose -3*w + b*w - 10 = -i, 15 = 2*i + w. What is the highest common divisor of 63 and i?
7
Let y = -3 + 8. Let g = 6 + y. Calculate the greatest common factor of 33 and g.
11
Let t(w) = -w**2 - 11*w - 13. Let r be t(-9). Suppose 5*n = -1 + 226. What is the greatest common factor of r and n?
5
Let q be (-75)/(-20) + (-1)/(-4). Calculate the highest common factor of q and 4.
4
Let l(o) = -o + 2. Let z be l(-1). Suppose 5*x - z*x = 16. What is the greatest common divisor of 72 and x?
8
Let s(q) = 2*q**2 - 1. Let k = -7 + 5. Let h be s(k). Suppose 94 = -5*j + 409. Calculate the greatest common factor of j and h.
7
Let s(z) = 29*z - 1. Let i be s(1). Suppose x - i = 35. What is the highest common factor of x and 21?
21
Let m(v) = 8*v**2 + 2*v - 4 + v**3 + 5*v - 4*v**2 + 5*v**2. Let b be m(-8). Let i = 91 - 47. What is the greatest common divisor of b and i?
4
Let l be (-5 - -3) + 202 + (-2 - -2). Calculate the highest common factor of l and 25.
25
Suppose 7*c - 10*c = -270. What is the greatest common factor of c and 9?
9
Let m(a) = 23*a**3 + 2*a**2 - 1. Let o be m(1). Suppose -3*h + 10 = 2*n + 2*h, 5*h = -3*n + 5. Let j = n + 11. Calculate the greatest common divisor of o and j.
6
Let n(o) = 32*o - 2. Let m be n(1). Calculate the greatest common divisor of m and 20.
10
Let l = 18 + -6. Let f be 34 + (-2)/(-4)*4. Calculate the greatest common factor of f and l.
12
Let z(x) = x**2 - 3*x + 38. Let k be z(0). Calculate the highest common factor of 304 and k.
38
Let d be -2 - -4 - (-1 - 1). Let t be (2/d)/((-4)/(-40)). Suppose -2*r + 2*p + 12 = -r, -5*r + 50 = -t*p. Calculate the highest common divisor of 24 and r.
8
Suppose -5*l - c = 6, -2*l + c - 6 = 2. Let x = 1 + l. Let n(w) = -28*w**3 - w**2. Let k be n(x). Calculate the greatest common divisor of 18 and k.
9
Suppose -3*d + 16*z = 14*z - 11, -z + 8 = 3*d. What is the greatest common divisor of d and 27?
3
Let y(j) = -j - 5. Let m be y(-3). Let u be (-3)/6*m*-11. Let t = u - -32. Calculate the greatest common divisor of t and 7.
7
Let k(d) = -d**2 - 3*d + 2. Let u be k(-3). Suppose 10 = -4*o - o, u*h - 4 = -o. What is the greatest common factor of 2 and h?
1
Let z = 45 - 23. Calculate the greatest common factor of 44 and z.
22
Let x(s) = -s**3 + 6*s**2 - 7. Let v be x(5). What is the grea